t is -339 (base 10) in base 15?
-179
Convert 4299 (base 11) to base 5.
140144
What is -3041 (base 8) in base 11?
-11a7
What is 1103 (base 9) in base 13?
4a7
Convert 265165 (base 7) to base 5.
3043311
-100101111101 (base 2) to base 15
-abe
What is -11001112 (base 3) in base 8?
-5615
56034 (base 7) to base 2
11011100001000
-10011221102 (base 3) to base 7
-350441
11000021 (base 3) to base 6
21311
-1212000012 (base 3) to base 6
-440435
6723 (base 10) to base 5
203343
Convert 49 (base 16) to base 6.
201
Convert -1990 (base 14) to base 10.
-4634
Convert -101312 (base 4) to base 7.
-3221
393 (base 14) to base 15
32c
What is -5621 (base 9) in base 16?
-1036
Convert -3231 (base 5) to base 15.
-1e6
Convert -66 (base 10) to base 15.
-46
Convert 404a (base 15) to base 7.
54364
Convert -255010 (base 6) to base 10.
-23118
Convert 1011100111101111 (base 2) to base 10.
47599
What is -321101 (base 4) in base 7?
-13454
What is -506 (base 9) in base 16?
-19b
Convert 1110010 (base 3) to base 6.
4520
What is -11216 (base 7) in base 3?
-10220202
Convert 2b35 (base 15) to base 10.
9275
3c93 (base 16) to base 10
15507
2101002211 (base 3) to base 14
13060
What is 41 (base 10) in base 13?
32
Convert -366 (base 13) to base 10.
-591
-4382 (base 11) to base 12
-3415
Convert -212102220 (base 3) to base 4.
-10023000
What is 1686 (base 9) in base 8?
2415
Convert -11202 (base 15) to base 4.
-31102310
What is -4ea6 (base 16) in base 2?
-100111010100110
Convert -100002200 (base 3) to base 11.
-4a90
What is -172a (base 11) in base 14?
-b3c
What is 11230 (base 5) in base 11?
681
Convert 26a3 (base 12) to base 6.
32323
What is 1925 (base 11) in base 9?
3318
What is -10121122 (base 3) in base 8?
-5114
What is -7a4 (base 15) in base 16?
-6c1
20526 (base 7) to base 4
1033023
What is -10101100000 (base 2) in base 3?
-1212222
Convert 28421 (base 10) to base 6.
335325
554 (base 8) to base 5
2424
-1799 (base 10) to base 6
-12155
Convert 110101110 (base 2) to base 6.
1554
What is -1771 (base 8) in base 16?
-3f9
What is 58e (base 16) in base 3?
1221200
3043 (base 11) to base 16
fc8
What is -1422 (base 5) in base 12?
-179
Convert -585b (base 16) to base 4.
-11201123
What is 4613 (base 8) in base 6?
15151
Convert -1111200 (base 3) to base 6.
-5030
Convert -b44 (base 14) to base 8.
-4250
Convert -2a1 (base 14) to base 16.
-215
What is -d9e (base 16) in base 3?
-11210010
What is -4c77 (base 15) in base 13?
-756a
-12017 (base 8) to base 9
-7035
What is -344f (base 16) in base 6?
-141555
What is -3630 (base 16) in base 11?
-a471
What is -3061b (base 12) in base 4?
-33121313
-98c9 (base 13) to base 14
-7a8a
What is 44324 (base 5) in base 7?
12002
-21221021 (base 3) to base 16
-1699
Convert ad9 (base 15) to base 8.
4626
What is -2002 (base 3) in base 10?
-56
-202001 (base 3) to base 15
-261
-a638 (base 11) to base 7
-56020
284 (base 13) to base 3
121112
Convert -7679 (base 14) to base 16.
-500b
Convert -860 (base 10) to base 15.
-3c5
28b (base 12) to base 15
1b5
Convert -2d1 (base 16) to base 10.
-721
What is -1110001011010 (base 2) in base 14?
-2906
14915 (base 13) to base 11
27243
-424 (base 7) to base 15
-e4
Convert 1bb9 (base 13) to base 4.
1001300
What is -214 (base 16) in base 9?
-651
-32413 (base 5) to base 12
-1361
What is -9182 (base 15) in base 3?
-1120010212
What is -1775 (base 13) in base 14?
-13a4
1001123 (base 5) to base 3
210122202
Convert -2021021111 (base 3) to base 14.
-123cb
What is -211211 (base 4) in base 11?
-1897
Convert -47310 (base 8) to base 15.
-5e98
Convert 320012 (base 4) to base 14.
1446
Convert 211212100 (base 3) to base 9.
24770
What is -10000011111110001 (base 2) in base 8?
-203761
What is 33c (base 13) in base 3?
202200
1044204 (base 5) to base 10
18679
What is 18383 (base 14) in base 7?
343023
What is b266 (base 15) in base 2?
1001001100100111
What is 120102202 (base 3) in base 2?
10101111110100
-a5a3 (base 11) to base 10
-14028
Convert -7c39 (base 14) to base 9.
-32572
Convert 1174 (base 10) to base 13.
6c4
What is 102012200 (base 3) in base 6?
101500
Convert -4ba3 (base 13) to base 4.
-2220130
Convert -7010 (base 10) to base 7.
-26303
-14c7 (base 14) to base 16
-e77
What is -1210330 (base 4) in base 6?
-45524
What is -21002022 (base 3) in base 9?
-7068
-129 (base 13) to base 7
-411
1059 (base 16) to base 4
1001121
What is 2708 (base 16) in base 15?
2e62
What is -4042 (base 7) in base 8?
-2572
What is -25a4 (base 11) in base 15?
-1006
-342 (base 16) to base 11
-699
-a583 (base 14) to base 2
-110111101110111
-75 (base 10) to base 7
-135
What is -4a3 (base 16) in base 13?
-704
101000110 (base 2) to base 6
1302
Convert -24332 (base 12) to base 4.
-23323112
Convert 100011000111 (base 2) to base 6.
14223
What is 2a29a (base 11) in base 3?
2011220111
What is 11120 (base 4) in base 2?
101011000
Convert -84002 (base 9) to base 12.
-28092
What is -10 (base 7) in base 5?
-12
Convert -6131 (base 7) to base 13.
-c7a
What is 1a97 (base 11) in base 2?
101001010111
What is 102020020 (base 3) in base 16?
1ffb
Convert -913 (base 14) to base 8.
-3365
Convert 2074 (base 8) to base 6.
5004
101124 (base 8) to base 12
17384
What is -238a (base 12) in base 6?
-30254
-356 (base 16) to base 14
-450
Convert 100011100100 (base 2) to base 7.
6431
Convert 10100110100010 (base 2) to base 12.
6202
What is 10033 (base 5) in base 10?
643
-1957 (base 10) to base 16
-7a5
What is 25772 (base 9) in base 13?
7bc5
Convert 8657 (base 10) to base 9.
12778
Convert 512b (base 13) to base 4.
2232313
Convert -1215e (base 16) to base 13.
-27944
Convert -2424 (base 6) to base 8.
-1120
b177 (base 12) to base 16
4b2b
-31221 (base 5) to base 15
-926
What is 63687 (base 9) in base 6?
522554
10d0 (base 15) to base 2
110111110010
What is -10289 (base 10) in base 7?
-41666
10181 (base 10) to base 7
41453
Convert 125106 (base 8) to base 5.
2343330
Convert 3fdf (base 16) to base 7.
65446
136112 (base 7) to base 8
63016
Convert -bba (base 12) to base 3.
-2100221
What is 110100001100 (base 2) in base 9?
4521
What is 1401301 (base 5) in base 6?
335050
-45646 (base 7) to base 8
-26577
What is -2001021 (base 3) in base 11?
-1137
What is 97 (base 15) in base 2?
10001110
Convert 4111 (base 5) to base 9.
650
What is -2541 (base 12) in base 4?
-1002001
What is 4dd (base 15) in base 14?
592
What is 149b (base 14) in base 12?
2155
-18150 (base 9) to base 16
-30e7
Convert 11344 (base 5) to base 9.
1143
-346e (base 16) to base 5
-412142
Convert -12022 (base 9) to base 15.
-25ae
Convert 152536 (base 7) to base 2.
111010001001010
What is 204 (base 9) in base 16?
a6
Convert -85d (base 16) to base 11.
-1677
What is 1434 (base 5) in base 8?
364
5cd (base 14) to base 13
6b4
Convert 15856 (base 9) to base 3.
112221220
What is -100122 (base 3) in base 5?
-2020
-1010010100 (base 2) to base 5
-10120
Convert -598 (base 12) to base 9.
-1128
10421 (base 7) to base 14
d48
-11012 (base 3) to base 10
-113
Convert 3b6 (base 15) to base 13.
501
What is -4d57 (base 14) in base 10?
-13601
Convert -1011000110111 (base 2) to base 3.
-21210122
61b3 (base 14) to base 7
100013
20033113 (base 4) to base 16
83d7
-99b (base 14) to base 5
-30101
What is -7366 (base 14) in base 10?
-19886
-45 (base 8) to base 11
-34
What is -111332 (base 4) in base 15?
-63b
What is 4022 (base 12) in base 11?
5238
Convert -11815 (base 10) to base 8.
-27047
Convert -10644 (base 7) to base 6.
-20343
Convert 560 (base 7) to base 3.
101122
What is -3001 (base 4) in base 5?
-1233
1441 (base 5) to base 8
366
What is 44663 (base 9) in base 8?
72007
Convert -663 (base 9) to base 6.
-2303
Convert 280 (base 12) to base 4.
12000
What is 65e (base 16) in base 8?
3136
Convert 2771 (base 10) to base 5.
42041
What is -2433 (base 10) in base 4?
-212001
-d88 (base 14) to base 6
-20204
-5173 (base 8) to base 13
-12b5
What is 14b6 (base 13) in base 12?
18ba
Convert -3124 (base 9) to base 7.
-6451
2000 (base 5) to base 8
372
What is 134443 (base 7) in base 4?
12100021
Convert 1403 (base 5) to base 12.
170
Convert -1260 (base 8) to base 4.
-22300
Convert -53521 (base 6) to base 8.
-16231
What is -11201 (base 4) in base 15?
-188
212 (base 12) to base 15
152
Convert -aa06 (base 16) to base 5.
-2343101
What is -12123300 (base 4) in base 13?
-bcc1
-456 (base 10) to base 5
-3311
What is 309 (base 